984714?
False
Is 302111985 a multiple of 287?
True
Is 44 a factor of 1037408900?
True
Is 62 a factor of 2721609212?
False
Is 287370524 a multiple of 5284?
False
Is 126 a factor of 75658958?
False
Is 174 a factor of 14905180?
False
Is 18008100 a multiple of 2675?
True
Is 2275871008 a multiple of 32?
True
Does 9 divide 2792561?
False
Is 8 a factor of 896978720?
True
Does 16 divide 98127145?
False
Is 286 a factor of 55339570?
True
Does 14 divide 1550654098?
True
Is 2829 a factor of 167578644?
True
Is 3193126176 a multiple of 16?
True
Does 393 divide 34402434?
True
Is 129 a factor of 4089076271?
False
Is 5 a factor of 18317930?
True
Is 2182582767 a multiple of 70?
False
Is 70617612 a multiple of 9?
False
Does 11 divide 369610406?
True
Does 26 divide 2560018344?
True
Does 2043 divide 8433504?
True
Is 34 a factor of 230875792?
False
Is 304831060 a multiple of 12?
False
Does 16 divide 1745562384?
True
Is 473 a factor of 896126103?
False
Is 90193586 a multiple of 208?
False
Is 11 a factor of 6924665?
True
Does 6081 divide 1170714120?
True
Is 15 a factor of 248883555?
True
Does 21 divide 218499813?
True
Does 40 divide 1540413880?
True
Is 39 a factor of 3392221?
False
Is 994992 a multiple of 3?
True
Is 1509453930 a multiple of 10?
True
Is 63845375 a multiple of 295?
True
Is 41393531 a multiple of 119?
False
Is 3521035 a multiple of 145?
True
Is 26934500 a multiple of 1030?
True
Does 937 divide 27195480?
False
Is 106 a factor of 67369284?
False
Is 7 a factor of 30927232?
True
Is 178 a factor of 6783402?
True
Does 2821 divide 536180654?
False
Does 224 divide 388550118?
False
Does 845 divide 15422090?
False
Is 1247 a factor of 36880025?
True
Is 7 a factor of 71412642?
True
Does 1461 divide 168718038?
False
Is 198 a factor of 5533636?
False
Is 581737781 a multiple of 1164?
False
Is 1146 a factor of 130519086?
True
Is 16 a factor of 2201134045?
False
Does 112 divide 582592634?
False
Is 159 a factor of 149842395?
True
Does 68 divide 23413488?
True
Is 6162818766 a multiple of 69?
True
Is 1231906680 a multiple of 64?
False
Is 4 a factor of 1468506860?
True
Is 1124809656 a multiple of 20?
False
Is 421404224 a multiple of 826?
False
Does 2064 divide 360401229?
False
Is 4 a factor of 160788172?
True
Is 72094612 a multiple of 108?
False
Is 1031 a factor of 76491952?
True
Does 180 divide 193697820?
True
Does 249 divide 1286822538?
True
Is 38 a factor of 337154299?
False
Is 36 a factor of 2325864?
False
Is 288568168 a multiple of 1761?
False
Is 44587872 a multiple of 36?
True
Does 511 divide 548303?
True
Does 18 divide 338724324?
True
Does 816 divide 312680592?
True
Does 132 divide 2619482184?
True
Is 177592632 a multiple of 28?
True
Does 2074 divide 3262167638?
True
Does 86 divide 190403351?
False
Does 49 divide 1565198?
False
Is 133033599 a multiple of 111?
False
Is 1381632959 a multiple of 49?
True
Does 15 divide 46125966?
False
Is 43 a factor of 208542346?
True
Does 97 divide 1069118423?
False
Is 2317847340 a multiple of 53?
False
Does 1110 divide 16914180?
True
Is 644202389 a multiple of 5?
False
Is 2 a factor of 11361781?
False
Is 24 a factor of 267684762?
False
Is 1576 a factor of 43886849?
False
Is 332645087 a multiple of 14?
False
Is 469038380 a multiple of 188?
True
Does 9 divide 34482045?
False
Does 236 divide 292180508?
True
Is 734 a factor of 1476979022?
True
Is 25789020 a multiple of 44?
False
Does 527 divide 211688113?
False
Is 18978696 a multiple of 4?
True
Is 543200535 even?
False
Is 169826359 a multiple of 162?
False
Does 58 divide 632980274?
True
Is 2473 a factor of 21257908?
True
Is 2398 a factor of 50358?
True
Is 548 a factor of 522775828?
False
Is 113 a factor of 12353160?
True
Does 183 divide 483597024?
False
Is 115 a factor of 12056255?
True
Is 7194264 a multiple of 748?
True
Does 2276 divide 61922071?
False
Is 16 a factor of 823886000?
True
Is 411530268 a multiple of 100?
False
Is 16 a factor of 42489853?
False
Is 26727120 a multiple of 18?
True
Is 6 a factor of 2029734682?
False
Is 19 a factor of 20492499?
False
Is 106959619 a multiple of 455?
False
Is 29905327 a multiple of 853?
True
Is 309 a factor of 166544202?
True
Is 4 a factor of 225052844?
True
Does 821 divide 3577918?
True
Is 83438908 a multiple of 1009?
False
Is 123349916 a multiple of 21?
False
Does 36 divide 26175312?
True
Does 345 divide 24852765?
True
Is 159 a factor of 1469671026?
True
Does 104 divide 16592357?
False
Is 6007410716 a multiple of 372?
False
Is 50976848 a multiple of 76?
True
Is 2 a factor of 103441331?
False
Is 1976583500 a multiple of 4582?
False
Is 2188347738 a multiple of 191?
True
Is 56 a factor of 1777449968?
True
Is 746 a factor of 15499164?
False
Does 93 divide 4390888887?
True
Is 304680435 a multiple of 593?
True
Does 8 divide 3087552?
True
Is 104 a factor of 486344023?
False
Is 11 a factor of 9426632?
False
Is 3190237 a multiple of 40?
False
Is 268 a factor of 270008764?
False
Is 852567464 a multiple of 118?
True
Does 428 divide 152919135?
False
Does 280 divide 46471515?
False
Is 554797032 a multiple of 29?
False
Is 18367120 a multiple of 30?
False
Is 243 a factor of 136923582?
False
Is 4430 a factor of 302569000?
True
Does 152 divide 184385747?
False
Is 6 a factor of 155725696?
False
Is 218245457 a multiple of 19?
True
Does 5 divide 28896117?
False
Does 187 divide 24865016?
True
Is 28939006 a multiple of 542?
True
Is 359303560 a multiple of 1540?
True
Is 216785088 a multiple of 34?
True
Is 2020222749 a multiple of 4831?
True
Is 2977453714 a multiple of 37?
True
Is 475 a factor of 79158707?
False
Does 3085 divide 186358680?
True
Does 16 divide 454053634?
False
Is 224 a factor of 101268160?
True
Is 1124 a factor of 484870367?
False
Does 12 divide 22382004?
True
Is 28483885 a multiple of 41?
False
Does 511 divide 766532738?
False
Is 343 a factor of 4076898?
True
Is 55164195 a multiple of 4?
False
Does 9 divide 3009294?
True
Is 7 a factor of 284256924?
True
Does 235 divide 33544605?
True
Is 274 a factor of 256476330?
True
Is 112287928 a multiple of 2089?
True
Is 684 a factor of 49362228?
True
Is 103559670 a multiple of 3405?
True
Is 7 a factor of 124511189?
False
Is 87 a factor of 36670759?
False
Does 5427 divide 759324132?
True
Is 44 a factor of 177079276?
True
Is 260654099 a multiple of 9?
False
Is 22048174 a multiple of 15?
False
Is 20 a factor of 5731127700?
True
Is 762534832 a multiple of 2449?
False
Is 262967799 a multiple of 43?
False
Does 76 divide 858262?
False
Does 191 divide 474075910?
False
Does 1821 divide 1920513567?
False
Is 472 a factor of 212009184?
True
Does 9 divide 1014875150?
False
Is 4898 a factor of 458227492?
True
Does 694 divide 194835179?
False
Does 24 divide 8518446?
False
Does 401 divide 28483075?
False
Is 4 a factor of 175540327?
False
Is 416 a factor of 528391552?
True
Does 2568 divide 2410952219?
False
Does 15 divide 295770921?
False
Is 57308667 a multiple of 724?
False
Is 43 a factor of 328739558?
True
Is 34 a factor of 37117344?
False
Is 531096686 a multiple of 393?
False
Is 2000 a factor of 16456000?
True
Is 1291 a factor of 11229087?
False
Is 9 a factor of 61561534?
False
Is 2084 a factor of 716149928?
True
Does 1760 divide 9841920?
True
Does 24 divide 972148816?
False
Is 8 a factor of 49375232?
True
Is 8 a factor of 3863640?
True
Does 40 divide 382646320?
True
Does 207 divide 18454464?
True
Is 3 a factor of 605804?
False
Is 2729036480 a multiple of 160?
True
Is 24 a factor of 38238398?
False
Is 31 a factor of 2944194?
True
Does 17 divide 648013949?
False
Does 7 divide 14809497?
False
Is 5 a factor of 2158305850?
True
Is 22 a factor of 57311909?
False
Is 2275611 a multiple of 13?
True
Does 175 divide 552783875?
True
Is 44910018 a multiple of 2094?
True
Does 13 divide 43937700?
False
Is 61 a factor of 59327036?
False
Is 203 a factor of 1881201?
True
Is 18 a factor of 838440702?
True
Is 34 a factor of 28911832?
True
Is 700 a factor of 1861458200?
True
Is 17508912 a multiple of 34?
True
Does 16 divide 180791792?
True
Is 62 a factor of 27964049?
False
Is 7 a factor of 11350850?
True
Does 656 divide 138538672?
True
Is 155 a factor of 1242219128?
False
Is 9573038 even?
True
Does 5101 divide 76912878?
True
Is 77937436 a multiple of 11?
False
Does 49 divide 513144709?
True
Does 9 divide 10832808?
False
Is 423713962 a multiple